 6*s - 2*s - 5*z - 316 = 0. List the prime factors of s.
2, 37
Suppose 4*t - 2 = 2*x + 2, -3*t - 2 = -4*x. Suppose -x*o + 4*s = -5*o + 11, 2*s - 28 = -4*o. List the prime factors of o.
3
List the prime factors of ((-936)/54)/(2/(-30)).
2, 5, 13
Suppose -26 = -0*z - z. Let c be z/8 - 3/12. Suppose 5*q = -c*w + 39, 4*q + 0*q + 4*w = 28. List the prime factors of q.
3
Suppose w + 3 = 11. What are the prime factors of w/28 - 26/(-7)?
2
List the prime factors of ((-21)/(-6) + -2)*78.
3, 13
Suppose 0*l = -5*l + 5*n + 75, -3*l + 5*n + 45 = 0. What are the prime factors of l?
3, 5
Let s be (-50)/3 + 8/12. Let u = -22 - s. Let r = u + 12. What are the prime factors of r?
2, 3
Suppose 41 + 9 = -5*o. Let f be 12/o*15/(-6). Suppose 3*c - 11 = -b, f*c + 45 = -2*b + 5*b. List the prime factors of b.
2, 7
Let x(g) = g**2 + 4*g + 4. Let r be x(-4). Suppose 7*d + r*v = 4*d - 3, -d - 1 = 3*v. What are the prime factors of 2 + d + 14 + 2?
17
Let m be (-16)/(-4)*5/(-1). Let v = 36 + m. Let d = -9 + v. What are the prime factors of d?
7
Let o = 86 - 50. List the prime factors of o.
2, 3
Let l(h) be the third derivative of -h**5/60 + 5*h**4/24 - h**3/3 - 2*h**2. Let o be l(6). Let c(q) = q + 10. What are the prime factors of c(o)?
2
Let n be (0 + 1)*(5 - 2). Suppose 5*w - 10 = -y, 0 = n*w - 5 - 1. What are the prime factors of (2 - y) + 0 + 0?
2
Let b = -30 + 47. Suppose -4*s - 1 = -b. What are the prime factors of s?
2
Let a = 10 + -17. Let b be (a/2)/(1/(-4)). Let p = b + -7. What are the prime factors of p?
7
Let k = -22 - 6. Suppose -h - 34 = 3*d, -4*d - 152 = 4*h - 0*d. Let m = k - h. List the prime factors of m.
2, 3
Let u be 6/(-15) - 12/(-5). Suppose 0 = -u*b + 14 + 18. What are the prime factors of b?
2
Let c(t) = 51*t**2 + 3*t - 1. What are the prime factors of c(1)?
53
Let t = -35 + 47. What are the prime factors of t?
2, 3
Suppose -r = -2 - 2. Suppose -d - r*d + 105 = 0. Suppose -4*b = -3*w + 35, -w - 2*b + d = -4. What are the prime factors of w?
17
Suppose -3*d - 3*h = 12, -2*d + 13 = -4*d - 3*h. Suppose a = k - 0*a - 9, 18 = 5*k + 4*a. Suppose d = -v + k. List the prime factors of v.
5
Let t(a) = 11*a**2 - 3*a + 2. Suppose -3*x - f = 3*f - 26, 0 = 5*x - f - 5. What are the prime factors of t(x)?
2, 5
Suppose 2*d + 105 = 3*z, 2*z - 3*d - 70 = -7*d. List the prime factors of z.
5, 7
Let a(d) = 20*d**2 + d - 1. Let q = 2 - 0. Suppose -c = -q*c + 1. List the prime factors of a(c).
2, 5
Let t = -1 - -2. What are the prime factors of (t - 3 - -3)*3?
3
Suppose -h + 18 = z, -5*z + 57 = -h - 33. Let p = -5 + z. Let u = 21 - p. What are the prime factors of u?
2
Suppose 3*d - 2*p = 839, -7*d - p = -3*d - 1115. Suppose 5*c - 11 - d = 0. What are the prime factors of c?
2, 29
Let h be ((-6)/(-8))/((-12)/192). Let c = h - -27. List the prime factors of c.
3, 5
Suppose 8 = r - 3*c, -5*c - 3 - 1 = 3*r. What are the prime factors of r?
2
Suppose -l - 5*l + 840 = 0. List the prime factors of l.
2, 5, 7
Suppose -6*h = -3*h - 189. List the prime factors of h.
3, 7
Let y be 15/(-2)*(-4)/6. Suppose 0 = 4*n - 4 - 8. Suppose -k = -n*g + 20, 3*g + 2*k - y = -0*g. List the prime factors of g.
5
Let u(v) = -v**3 + 9*v**2 + 13*v + 7. List the prime factors of u(10).
37
Let k(p) = p**2 + p - 2. Let d(l) = 2*l**2 + l - 3. Let s(g) = 3*d(g) - 5*k(g). What are the prime factors of s(-3)?
2
Let g(r) = -r**3 - 16*r**2 + 13*r - 15. List the prime factors of g(-17).
53
What are the prime factors of ((-5)/3)/(2/(-18))?
3, 5
Let u = 10 - 1. List the prime factors of (-18)/2*(-12)/u.
2, 3
Let z(k) = 7*k**2 + 2*k - 3. Let r(v) = -v**2 - 7*v + 2. Let n be r(-7). List the prime factors of z(n).
29
Suppose -180 = -5*q + 190. What are the prime factors of q?
2, 37
Let u be 6 - 0*(-2)/4. Suppose t + 70 = u*t. List the prime factors of t.
2, 7
Suppose -2*p + 4*m + 2 = 0, -2*m - 4 = 4*p - 2*p. Let x be -4 - -2 - 26/p. Suppose b - x = -2*b. What are the prime factors of b?
2
Suppose -12 = -4*y + 2*y. Let i = -10 + 6. Let o = i + y. What are the prime factors of o?
2
Suppose -8 = 3*i + 10. Suppose 189 = -5*f + 49. List the prime factors of f/i + (-12)/18.
2
Suppose 0 = 2*l + 3*l - 325. List the prime factors of l.
5, 13
Suppose 38 = 3*m - 55. List the prime factors of m.
31
Let u(h) = 5*h**2 + 9*h + 6. Let t(g) = 6*g**2 + 10*g + 7. Let q(a) = -4*t(a) + 5*u(a). List the prime factors of q(-8).
2, 13
Let g = 169 - 109. List the prime factors of g.
2, 3, 5
Let r = -45 - -23. List the prime factors of (-1 - r)*3/9.
7
Suppose -4*u + 16 + 4 = 0. Suppose -x + 2*c = 8, u*x + 14 = -4*c + c. List the prime factors of (x/(-6))/(2/15).
5
Suppose 0 = 3*h + 2 - 20. Let j(s) = s + 3. List the prime factors of j(h).
3
Suppose m - 6 = -m. Suppose 3*d + 60 = 5*w, w - 4*d = m*w + 2. List the prime factors of w.
3
Let u = 185 - -26. What are the prime factors of u?
211
Suppose 3*z + 18 = 3*a - z, -a + 5*z = -17. Suppose 3 = a*h - 19. What are the prime factors of h?
11
Suppose 30 = 5*o - 10. Suppose 5*m - 11 - 14 = 0, 4*w = 5*m - 17. Suppose w*k - 12 = o. What are the prime factors of k?
2, 5
Let p = 2 - -156. Suppose -m + p = -y + 6*y, 4*m = 12. List the prime factors of y.
31
Let a(g) = -g**2 - 11*g. Let w be a(-14). Let c = w + 70. List the prime factors of c.
2, 7
Let i = -43 + 74. List the prime factors of i.
31
Let p = -52 + 93. What are the prime factors of p?
41
Suppose 67 = -i - 81. Let p = -89 - i. Suppose -2*y + 4*y = 5*l + p, -2*y - l = -29. List the prime factors of y.
17
Let b = 115 + -61. What are the prime factors of b?
2, 3
List the prime factors of 4 + -2 - (-112)/4.
2, 3, 5
Let u(d) be the second derivative of d**4/6 - d**3/3 - 9*d**2/2 - 6*d. What are the prime factors of u(5)?
31
Suppose -360 = -3*c + 450. List the prime factors of c.
2, 3, 5
What are the prime factors of (-5 - 0)/((-16)/5 + 3)?
5
Let d(u) = -u**2 + 9*u. Let b be d(9). Suppose 12 = 4*s - b. Suppose -36 = s*w - 7*w. What are the prime factors of w?
3
Let f(m) be the first derivative of m**2/2 - 3*m + 2. Let x = 11 - 6. What are the prime factors of f(x)?
2
Let q(n) = 3*n**2 - 2*n + 1. Let w be q(1). Suppose -w*j + 30 = -2*c, -5*c = -0*c - 20. What are the prime factors of j?
19
Let f = -14 - -7. Let m = -34 - f. Let p = m + 39. What are the prime factors of p?
2, 3
Let j be 3*-1*4/12. List the prime factors of 451/66 - j/6.
7
Let b(s) = -s**2 + 19*s + 1. List the prime factors of b(16).
7
Let s(d) = d**2 + 5*d + 11. What are the prime factors of s(-10)?
61
Suppose 4*v - 18 = 6. Suppose -1 = o - v. Suppose b + 56 = o*b. List the prime factors of b.
2, 7
Let o = 123 - 71. List the prime factors of o.
2, 13
Suppose 15*v - 720 - 165 = 0. List the prime factors of v.
59
Let r = 213 + -34. List the prime factors of r.
179
Suppose -3*m = m + 48. Let o be ((-24)/9 - 0)*m. Suppose o = 3*t + t. What are the prime factors of t?
2
Suppose -5*c - 78 = 2*g - 308, 245 = 5*c - g. Suppose -4*y = -l - c, 0 = -2*y + l - 3*l + 24. List the prime factors of y.
2, 3
Suppose -3*j + 9 + 6 = 0. Let z = -7 + j. What are the prime factors of 2*(3 + z) + 1?
3
Let h(q) = -17*q - 6. List the prime factors of h(-3).
3, 5
Suppose -19 = -4*s - 3*d, 5*s = d + 21 - 2. List the prime factors of s.
2
Let k(o) = o**3 + 3*o**2 - 4*o + 6. Suppose 0 = 3*q - 3 + 15. What are the prime factors of k(q)?
2, 3
Let d(c) = c - 5. Let a be 192/14 - 2/(-7). Let r = a - 5. What are the prime factors of d(r)?
2
Suppose -p - 120 = -4*p. Suppose -5*m = -p - 5. What are the prime factors of m?
3
List the prime factors of (37 - -8) + (-4 - 1).
2, 5
Suppose 5 = 3*v - 7. Suppose -4*p - 6 = 6, 0 = d + v*p - 1. List the prime factors of d.
13
Suppose -39*u = -38*u - 398. What are the prime factors of u?
2, 199
Let z(i) = 3*i + 2. Suppose 5*c - 24 + 4 = 0. What are the prime factors of z(c)?
2, 7
Suppose -4*z = -19 - 77. Let n = z - 16. Suppose -3*g = -n - 4. List the prime factors of g.
2
Let s = -8 + 12. Let a be (s - 2)/((-1)/3). Let c(x) = x**2 + 5*x + 7. What are the prime factors of c(a)?
13
What are the prime factors of 1/(4/(-130))*-2?
5, 13
Suppose 0 = -4*g - 5*z + 1098, -z = -0*g + g - 274. What are the prime factors of g?
2, 17
Let d = 10 + -18. Let m = 14 + d. What are the prime factors of 44/m - (-2)/(-6)?
7
Suppose 4 = 4*z, -5*p - z + 6 = -0*z. Suppose -4*t = -5*w + 17, -